{"id":859,"date":"2018-06-05T21:43:02","date_gmt":"2018-06-06T00:43:02","guid":{"rendered":"http:\/\/www.engeblock.com.br\/planejamento-e-construcao\/?page_id=859"},"modified":"2025-01-24T10:12:24","modified_gmt":"2025-01-24T13:12:24","slug":"empresa","status":"publish","type":"page","link":"https:\/\/www.engeblock.com.br\/planejamento-e-construcao\/empresa\/","title":{"rendered":"EMPRESA"},"content":{"rendered":" <div id=\"themify_builder_content-859\" data-postid=\"859\" class=\"themify_builder_content themify_builder_content-859 themify_builder\">\n    \t<!-- module_row -->\n\t<div   class=\"themify_builder_row module_row clearfix builder-parallax-scrolling fullwidth_row_container module_row_0 themify_builder_859_row module_row_859-0 tb_4w1x509\">\n\t    <div class=\"builder_row_cover\"><\/div>\t    <div class=\"row_inner col_align_top\" >\n\t\t\t<div  class=\"module_column tb-column col-full first tb_859_column module_column_0 module_column_859-0-0 tb_hzil770\">\n\t    \t    \t        <div class=\"tb-column-inner\">\n\t\t    \t<div  class=\"themify_builder_sub_row module_subrow clearfix sub_row_0-0-0 tb_bc4x957\">\n\t    \t    <div class=\"subrow_inner col_align_top\"   data-basecol=\"3\" data-col_mobile=\"column-full\">\n\t\t\t<div style=\"width:13%;\" class=\"sub_column module_column col4-1 first sub_column_post_859 sub_column_0-0-0-0 tb_xn88809\"> \n\t    \t    \t<\/div>\n\t\t<div style=\"width:43%;\" class=\"sub_column module_column col4-2 middle sub_column_post_859 sub_column_0-0-0-1 tb_qpnl970\" > \n\t    \t    \t        <div class=\"tb-column-inner\">\n\t\t    <!-- module text -->\n<div  class=\"module module-text tb_occv050  repeat  \">\n            <div  class=\"tb_text_wrap\">\n    <h2 style=\"text-align: left;\">O nosso progresso<\/h2><p style=\"text-align: left;\">Fundada em 1998 e constru\u00edda diariamente com a satisfa\u00e7\u00e3o dos seus clientes. Em nossos 20 anos de experi\u00eancia, as mais de 60 grandes obras executadas e mais de 100 projetos conclu\u00eddos nos tornam refer\u00eancia de qualidade, comprometimento, responsabilidade social e ambiental no mercado da constru\u00e7\u00e3o civil.<\/p>    <\/div>\n<\/div>\n<!-- \/module text -->\n\t        <\/div>\n\t    \t<\/div>\n\t\t<div style=\"width:37.6%;\" class=\"sub_column module_column col4-1 last sub_column_post_859 sub_column_0-0-0-2 tb_940b099\"> \n\t    \t    \t        <div class=\"tb-column-inner\">\n\t\t        <!-- module image -->\n    <div  class=\"module module-image tb_96hx574  image-right    auto_fullwidth\" data-lax=\"true\" data-lax-anchor=\"self\" data-parallax-element-speed=\"2\" data-lax-translate-y=\"vh 1,0 -140\" data-lax-optimize=\"true\" data-lax-no-op=\"true\">\n\t                <div class=\"image-wrap\">\n                            <img decoding=\"async\" src=\"http:\/\/engeblock.com.br\/planejamento-e-construcao\/wp-content\/uploads\/sites\/2\/2018\/04\/Mapa.png\" alt=\"EMPRESA\" \/>            \n                        <\/div>\n            <!-- \/image-wrap -->\n        \n        \n        <\/div>\n    <!-- \/module image -->\n\t        <\/div>\n\t    \t<\/div>\n\t\t    <\/div>\n\t<\/div><!-- \/themify_builder_sub_row -->\n\t\t        <\/div>\n\t    \t<\/div>\n\t\t    <\/div>\n\t    <!-- \/row_inner -->\n\t<\/div>\n\t<!-- \/module_row -->\n\t\t<!-- module_row -->\n\t<div   class=\"themify_builder_row module_row clearfix builder-parallax-scrolling fullwidth module_row_1 themify_builder_859_row module_row_859-1 tb_2bxi590 hide-desktop hide-tablet\">\n\t    \t    <div class=\"row_inner col_align_middle\" >\n\t\t\t<div  class=\"module_column tb-column col4-2 first tb_859_column module_column_0 module_column_859-1-0 tb_tgt7511\">\n\t    \t    \t        <div class=\"tb-column-inner\">\n\t\t    \t<div  class=\"themify_builder_sub_row module_subrow clearfix sub_row_1-0-0 tb_b6pb079\">\n\t    \t    <div class=\"subrow_inner col_align_top\" >\n\t\t\t<div  class=\"sub_column module_column col4-2 first sub_column_post_859 sub_column_1-0-0-0 tb_y00y605\"> \n\t    \t    \t        <div class=\"tb-column-inner\">\n\t\t        <!-- module image -->\n    <div  class=\"module module-image tb_6d8y710  image-center  \" data-lax=\"true\" data-lax-anchor=\"self\" data-parallax-element-speed=\"2\" data-lax-translate-y=\"vh 1,0 -140\" data-lax-optimize=\"true\" data-lax-no-op=\"true\">\n\t                <div class=\"image-wrap\">\n                            <img decoding=\"async\" src=\"http:\/\/engeblock.com.br\/planejamento-e-construcao\/wp-content\/uploads\/sites\/2\/2018\/04\/Logo-ISO.png\" width=\"120\" alt=\"EMPRESA\" \/>            \n                        <\/div>\n            <!-- \/image-wrap -->\n        \n        \n        <\/div>\n    <!-- \/module image -->\n\t        <\/div>\n\t    \t<\/div>\n\t\t<div  class=\"sub_column module_column col4-2 last sub_column_post_859 sub_column_1-0-0-1 tb_vysf099\"> \n\t    \t    \t        <div class=\"tb-column-inner\">\n\t\t        <!-- module image -->\n    <div  class=\"module module-image tb_exvf797  image-center  \" data-lax=\"true\" data-lax-anchor=\"self\" data-parallax-element-speed=\"2\" data-lax-translate-y=\"vh 1,0 -140\" data-lax-optimize=\"true\" data-lax-no-op=\"true\">\n\t                <div class=\"image-wrap\">\n                            <img decoding=\"async\" src=\"http:\/\/engeblock.com.br\/planejamento-e-construcao\/wp-content\/uploads\/sites\/2\/2018\/04\/Logo-PBQPH.png\" width=\"120\" alt=\"EMPRESA\" \/>            \n                        <\/div>\n            <!-- \/image-wrap -->\n        \n        \n        <\/div>\n    <!-- \/module image -->\n\t        <\/div>\n\t    \t<\/div>\n\t\t    <\/div>\n\t<\/div><!-- \/themify_builder_sub_row -->\n\t\t        <\/div>\n\t    \t<\/div>\n\t\t<div  class=\"module_column tb-column col4-2 last tb_859_column module_column_1 module_column_859-1-1 tb_lgj9095\" >\n\t    \t    \t        <div class=\"tb-column-inner\">\n\t\t    <!-- module text -->\n<div  class=\"module module-text tb_u89r907  repeat  \">\n            <div  class=\"tb_text_wrap\">\n    <h2>Nossa qualidade faz a sua obra<\/h2>\n<p>A estrutura de nosso ambiente tecnol\u00f3gico, de gest\u00e3o e a satisfa\u00e7\u00e3o de nossos clientes garantem \u00e0 empresa as certifica\u00e7\u00f5es ISO9001 e PBQP-H n\u00edvel A, o mais alto do programa, com as categorias: Organiza\u00e7\u00e3o de recursos humanos gest\u00e3o da qualidade da edifica\u00e7\u00e3o, gest\u00e3o de suprimentos, gest\u00e3o da informa\u00e7\u00e3o e gest\u00e3o de projetos.<\/p>    <\/div>\n<\/div>\n<!-- \/module text -->\n\t        <\/div>\n\t    \t<\/div>\n\t\t    <\/div>\n\t    <!-- \/row_inner -->\n\t<\/div>\n\t<!-- \/module_row -->\n\t\t<!-- module_row -->\n\t<div   class=\"themify_builder_row module_row clearfix builder-parallax-scrolling fullwidth module_row_2 themify_builder_859_row module_row_859-2 tb_fue1780 hide-mobile\">\n\t    \t    <div class=\"row_inner col_align_middle\" >\n\t\t\t<div  class=\"module_column tb-column col4-2 first tb_859_column module_column_0 module_column_859-2-0 tb_dx9i585\">\n\t    \t    \t        <div class=\"tb-column-inner\">\n\t\t    \t<div  class=\"themify_builder_sub_row module_subrow clearfix sub_row_2-0-0 tb_5wvg007\">\n\t    \t    <div class=\"subrow_inner col_align_top\" >\n\t\t\t<div  class=\"sub_column module_column col4-2 first sub_column_post_859 sub_column_2-0-0-0 tb_042k000\"> \n\t    \t    \t        <div class=\"tb-column-inner\">\n\t\t        <!-- module image -->\n    <div  class=\"module module-image tb_408a590  image-center  \" data-lax=\"true\" data-lax-anchor=\"self\" data-parallax-element-speed=\"2\" data-lax-translate-y=\"vh 1,0 -140\" data-lax-optimize=\"true\" data-lax-no-op=\"true\">\n\t                <div class=\"image-wrap\">\n                            <img decoding=\"async\" src=\"http:\/\/engeblock.com.br\/planejamento-e-construcao\/wp-content\/uploads\/sites\/2\/2018\/04\/Logo-ISO.png\" width=\"250\" alt=\"EMPRESA\" \/>            \n                        <\/div>\n            <!-- \/image-wrap -->\n        \n        \n        <\/div>\n    <!-- \/module image -->\n\t        <\/div>\n\t    \t<\/div>\n\t\t<div  class=\"sub_column module_column col4-2 last sub_column_post_859 sub_column_2-0-0-1 tb_tyyx570\"> \n\t    \t    \t        <div class=\"tb-column-inner\">\n\t\t        <!-- module image -->\n    <div  class=\"module module-image tb_wjkr001  image-center  \" data-lax=\"true\" data-lax-anchor=\"self\" data-parallax-element-speed=\"2\" data-lax-translate-y=\"vh 1,0 -140\" data-lax-optimize=\"true\" data-lax-no-op=\"true\">\n\t                <div class=\"image-wrap\">\n                            <img decoding=\"async\" src=\"http:\/\/engeblock.com.br\/planejamento-e-construcao\/wp-content\/uploads\/sites\/2\/2018\/04\/Logo-PBQPH.png\" width=\"300\" alt=\"EMPRESA\" \/>            \n                        <\/div>\n            <!-- \/image-wrap -->\n        \n        \n        <\/div>\n    <!-- \/module image -->\n\t        <\/div>\n\t    \t<\/div>\n\t\t    <\/div>\n\t<\/div><!-- \/themify_builder_sub_row -->\n\t\t        <\/div>\n\t    \t<\/div>\n\t\t<div  class=\"module_column tb-column col4-2 last tb_859_column module_column_1 module_column_859-2-1 tb_y03o115\" >\n\t    \t    \t        <div class=\"tb-column-inner\">\n\t\t    <!-- module text -->\n<div  class=\"module module-text tb_ooqi765  repeat  \">\n            <div  class=\"tb_text_wrap\">\n    <h2>Nossa qualidade faz a sua obra<\/h2><p>A estrutura de nosso ambiente tecnol\u00f3gico, de gest\u00e3o e a satisfa\u00e7\u00e3o de nossos clientes<br \/>garantem \u00e0 empresa as certifica\u00e7\u00f5es ISO9001 e PBQP-H n\u00edvel A, o mais alto do<br \/>programa, com as categorias: Organiza\u00e7\u00e3o de recursos humanos gest\u00e3o da qualidade da<br \/>edifica\u00e7\u00e3o, gest\u00e3o de suprimentos, gest\u00e3o da informa\u00e7\u00e3o e gest\u00e3o de projetos.<\/p>    <\/div>\n<\/div>\n<!-- \/module text -->\n\t        <\/div>\n\t    \t<\/div>\n\t\t    <\/div>\n\t    <!-- \/row_inner -->\n\t<\/div>\n\t<!-- \/module_row -->\n\t\t<!-- module_row -->\n\t<div   class=\"themify_builder_row module_row clearfix fullcover fullwidth_row_container module_row_3 themify_builder_859_row module_row_859-3 tb_pra9744\">\n\t    \t    <div class=\"row_inner col_align_top\"   data-basecol=\"2\" data-col_mobile=\"column-full\">\n\t\t\t<div  class=\"module_column tb-column col4-2 first tb_859_column module_column_0 module_column_859-3-0 tb_rose802 repeat-none\" style=\"width: 49.8%\" >\n\t    \t    \t        <div class=\"tb-column-inner\">\n\t\t    <!-- module text -->\n<div  class=\"module module-text tb_tyjh693  repeat  \">\n            <div  class=\"tb_text_wrap\">\n    <h2>Aliar a reinven\u00e7\u00e3o di\u00e1ria com a solidez da experi\u00eancia<\/h2><p>A realiza\u00e7\u00e3o de investimentos s\u00f3lidos com exemplar qualidade de acabamento aliada \u00e0<br \/>constante busca por novas tecnologias de produ\u00e7\u00e3o \u00e9 o que nos motiva a crescer<br \/>diariamente.<\/p>    <\/div>\n<\/div>\n<!-- \/module text -->\n\t        <\/div>\n\t    \t<\/div>\n\t\t<div  class=\"module_column tb-column col4-2 last tb_859_column module_column_1 module_column_859-3-1 tb_azlo906\" style=\"width: 47%\" >\n\t    \t    \t        <div class=\"tb-column-inner\">\n\t\t        <!-- module image -->\n    <div  class=\"module module-image tb_jg6z101  image-center    auto_fullwidth\" data-lax=\"true\" data-lax-anchor=\"self\" data-parallax-element-speed=\"4\" data-lax-translate-y=\"vh 1,0 -250\" data-lax-optimize=\"true\" data-lax-no-op=\"true\">\n\t                <div class=\"image-wrap\">\n                            <img decoding=\"async\" src=\"http:\/\/engeblock.com.br\/planejamento-e-construcao\/wp-content\/uploads\/sites\/2\/2018\/06\/PNG-01.png\" alt=\"EMPRESA\" \/>            \n                        <\/div>\n            <!-- \/image-wrap -->\n        \n        \n        <\/div>\n    <!-- \/module image -->\n\t        <\/div>\n\t    \t<\/div>\n\t\t    <\/div>\n\t    <!-- \/row_inner -->\n\t<\/div>\n\t<!-- \/module_row -->\n\t\t<!-- module_row -->\n\t<div   class=\"themify_builder_row module_row clearfix module_row_4 themify_builder_859_row module_row_859-4 tb_3xll906\">\n\t    \t    <div class=\"row_inner col_align_middle gutter-none\"   data-basecol=\"1\" data-col_mobile=\"column-full\">\n\t\t\t<div  class=\"module_column tb-column col-full first tb_859_column module_column_0 module_column_859-4-0 tb_yybi556\" >\n\t    \t    \t        <div class=\"tb-column-inner\">\n\t\t    <!-- module text -->\n<div  class=\"module module-text tb_ax54577  repeat  \">\n            <div  class=\"tb_text_wrap\">\n    <h2 style=\"text-align: center;\">Conhe\u00e7a nossos empreendimentos<\/h2>    <\/div>\n<\/div>\n<!-- \/module text -->\n    <!-- module buttons -->\n    <div  class=\"module module-buttons tb_lcva775 large solid rounded  \">\n\t        \t<div class=\"module-buttons\">\n                            <div class=\"module-buttons-item  buttons-horizontal\">\n\t\t    \t\t\t<a href=\"http:\/\/www.engeblock.com.br\/planejamento-e-construcao\" class=\"ui builder_button blue\" >\n\t\t    \t\t    \t\t\t<span>ENTRAR<\/span>\n\t\t    \t\t    \t\t\t<\/a>\n\t\t                    <\/div>\n                    <\/div>\n    <\/div>\n    <!-- \/module buttons -->\n\t        <\/div>\n\t    \t<\/div>\n\t\t    <\/div>\n\t    <!-- \/row_inner -->\n\t<\/div>\n\t<!-- \/module_row -->\n\t\t<!-- module_row -->\n\t<div   class=\"themify_builder_row module_row clearfix fullwidth module_row_5 themify_builder_859_row module_row_859-5 tb_d7z5502\">\n\t    \t    <div class=\"row_inner col_align_top\" >\n\t\t\t<div  class=\"module_column tb-column col-full first tb_859_column module_column_0 module_column_859-5-0 tb_qf3z567\">\n\t    \t    \t<\/div>\n\t\t    <\/div>\n\t    <!-- \/row_inner -->\n\t<\/div>\n\t<!-- \/module_row -->\n\t<\/div>\n","protected":false},"excerpt":{"rendered":"<p>O nosso progressoFundada em 1998 e constru\u00edda diariamente com a satisfa\u00e7\u00e3o dos seus clientes. Em nossos 20 anos de experi\u00eancia, as mais de 60 grandes obras executadas e mais de 100 projetos conclu\u00eddos nos tornam refer\u00eancia de qualidade, comprometimento, responsabilidade social e ambiental no mercado da constru\u00e7\u00e3o civil.<\/p>\n","protected":false},"author":1,"featured_media":0,"parent":0,"menu_order":0,"comment_status":"closed","ping_status":"closed","template":"","meta":{"footnotes":""},"class_list":["post-859","page","type-page","status-publish","hentry","has-post-title","has-post-date","has-post-category","has-post-tag","has-post-comment","has-post-author",""],"yoast_head":"<!-- This site is optimized with the Yoast SEO plugin v23.4 - https:\/\/yoast.com\/wordpress\/plugins\/seo\/ -->\n<title>EMPRESA - Engeblock - Planejamento e constru\u00e7\u00e3o<\/title>\n<meta name=\"description\" content=\"Construtora fundada em 1998 e constru\u00edda diariamente com a satisfa\u00e7\u00e3o dos seus clientes. Em nossos mais de 20 anos de experi\u00eancia, as mais de 60 grandes obras executadas, mais de 100 projetos conclu\u00eddos e nossas certifica\u00e7\u00f5es ISO 9001 e PBQP-h N\u00edvel A nos tornam refer\u00eancia de qualidade, comprometimento, responsabilidade social e ambiental no mercado da constru\u00e7\u00e3o civil.\" \/>\n<meta name=\"robots\" content=\"index, follow, max-snippet:-1, max-image-preview:large, max-video-preview:-1\" \/>\n<link rel=\"canonical\" href=\"https:\/\/www.engeblock.com.br\/planejamento-e-construcao\/empresa\/\" \/>\n<meta property=\"og:locale\" content=\"pt_BR\" \/>\n<meta property=\"og:type\" content=\"article\" \/>\n<meta property=\"og:title\" content=\"EMPRESA - Engeblock - Planejamento e constru\u00e7\u00e3o\" \/>\n<meta property=\"og:description\" content=\"Construtora fundada em 1998 e constru\u00edda diariamente com a satisfa\u00e7\u00e3o dos seus clientes. Em nossos mais de 20 anos de experi\u00eancia, as mais de 60 grandes obras executadas, mais de 100 projetos conclu\u00eddos e nossas certifica\u00e7\u00f5es ISO 9001 e PBQP-h N\u00edvel A nos tornam refer\u00eancia de qualidade, comprometimento, responsabilidade social e ambiental no mercado da constru\u00e7\u00e3o civil.\" \/>\n<meta property=\"og:url\" content=\"https:\/\/www.engeblock.com.br\/planejamento-e-construcao\/empresa\/\" \/>\n<meta property=\"og:site_name\" content=\"Engeblock - Planejamento e constru\u00e7\u00e3o\" \/>\n<meta property=\"article:modified_time\" content=\"2025-01-24T13:12:24+00:00\" \/>\n<meta name=\"twitter:card\" content=\"summary_large_image\" \/>\n<meta name=\"twitter:label1\" content=\"Est. tempo de leitura\" \/>\n\t<meta name=\"twitter:data1\" content=\"3 minutos\" \/>\n<script type=\"application\/ld+json\" class=\"yoast-schema-graph\">{\"@context\":\"https:\/\/schema.org\",\"@graph\":[{\"@type\":\"WebPage\",\"@id\":\"https:\/\/www.engeblock.com.br\/planejamento-e-construcao\/empresa\/\",\"url\":\"https:\/\/www.engeblock.com.br\/planejamento-e-construcao\/empresa\/\",\"name\":\"EMPRESA - Engeblock - Planejamento e constru\u00e7\u00e3o\",\"isPartOf\":{\"@id\":\"https:\/\/www.engeblock.com.br\/planejamento-e-construcao\/#website\"},\"datePublished\":\"2018-06-06T00:43:02+00:00\",\"dateModified\":\"2025-01-24T13:12:24+00:00\",\"description\":\"Construtora fundada em 1998 e constru\u00edda diariamente com a satisfa\u00e7\u00e3o dos seus clientes. Em nossos mais de 20 anos de experi\u00eancia, as mais de 60 grandes obras executadas, mais de 100 projetos conclu\u00eddos e nossas certifica\u00e7\u00f5es ISO 9001 e PBQP-h N\u00edvel A nos tornam refer\u00eancia de qualidade, comprometimento, responsabilidade social e ambiental no mercado da constru\u00e7\u00e3o civil.\",\"breadcrumb\":{\"@id\":\"https:\/\/www.engeblock.com.br\/planejamento-e-construcao\/empresa\/#breadcrumb\"},\"inLanguage\":\"pt-BR\",\"potentialAction\":[{\"@type\":\"ReadAction\",\"target\":[\"https:\/\/www.engeblock.com.br\/planejamento-e-construcao\/empresa\/\"]}]},{\"@type\":\"BreadcrumbList\",\"@id\":\"https:\/\/www.engeblock.com.br\/planejamento-e-construcao\/empresa\/#breadcrumb\",\"itemListElement\":[{\"@type\":\"ListItem\",\"position\":1,\"name\":\"In\u00edcio\",\"item\":\"https:\/\/www.engeblock.com.br\/planejamento-e-construcao\/\"},{\"@type\":\"ListItem\",\"position\":2,\"name\":\"EMPRESA\"}]},{\"@type\":\"WebSite\",\"@id\":\"https:\/\/www.engeblock.com.br\/planejamento-e-construcao\/#website\",\"url\":\"https:\/\/www.engeblock.com.br\/planejamento-e-construcao\/\",\"name\":\"Engeblock - Planejamento e constru\u00e7\u00e3o\",\"description\":\"\",\"potentialAction\":[{\"@type\":\"SearchAction\",\"target\":{\"@type\":\"EntryPoint\",\"urlTemplate\":\"https:\/\/www.engeblock.com.br\/planejamento-e-construcao\/?s={search_term_string}\"},\"query-input\":{\"@type\":\"PropertyValueSpecification\",\"valueRequired\":true,\"valueName\":\"search_term_string\"}}],\"inLanguage\":\"pt-BR\"}]}<\/script>\n<!-- \/ Yoast SEO plugin. -->","yoast_head_json":{"title":"EMPRESA - Engeblock - Planejamento e constru\u00e7\u00e3o","description":"Construtora fundada em 1998 e constru\u00edda diariamente com a satisfa\u00e7\u00e3o dos seus clientes. Em nossos mais de 20 anos de experi\u00eancia, as mais de 60 grandes obras executadas, mais de 100 projetos conclu\u00eddos e nossas certifica\u00e7\u00f5es ISO 9001 e PBQP-h N\u00edvel A nos tornam refer\u00eancia de qualidade, comprometimento, responsabilidade social e ambiental no mercado da constru\u00e7\u00e3o civil.","robots":{"index":"index","follow":"follow","max-snippet":"max-snippet:-1","max-image-preview":"max-image-preview:large","max-video-preview":"max-video-preview:-1"},"canonical":"https:\/\/www.engeblock.com.br\/planejamento-e-construcao\/empresa\/","og_locale":"pt_BR","og_type":"article","og_title":"EMPRESA - Engeblock - Planejamento e constru\u00e7\u00e3o","og_description":"Construtora fundada em 1998 e constru\u00edda diariamente com a satisfa\u00e7\u00e3o dos seus clientes. Em nossos mais de 20 anos de experi\u00eancia, as mais de 60 grandes obras executadas, mais de 100 projetos conclu\u00eddos e nossas certifica\u00e7\u00f5es ISO 9001 e PBQP-h N\u00edvel A nos tornam refer\u00eancia de qualidade, comprometimento, responsabilidade social e ambiental no mercado da constru\u00e7\u00e3o civil.","og_url":"https:\/\/www.engeblock.com.br\/planejamento-e-construcao\/empresa\/","og_site_name":"Engeblock - Planejamento e constru\u00e7\u00e3o","article_modified_time":"2025-01-24T13:12:24+00:00","twitter_card":"summary_large_image","twitter_misc":{"Est. tempo de leitura":"3 minutos"},"schema":{"@context":"https:\/\/schema.org","@graph":[{"@type":"WebPage","@id":"https:\/\/www.engeblock.com.br\/planejamento-e-construcao\/empresa\/","url":"https:\/\/www.engeblock.com.br\/planejamento-e-construcao\/empresa\/","name":"EMPRESA - Engeblock - Planejamento e constru\u00e7\u00e3o","isPartOf":{"@id":"https:\/\/www.engeblock.com.br\/planejamento-e-construcao\/#website"},"datePublished":"2018-06-06T00:43:02+00:00","dateModified":"2025-01-24T13:12:24+00:00","description":"Construtora fundada em 1998 e constru\u00edda diariamente com a satisfa\u00e7\u00e3o dos seus clientes. Em nossos mais de 20 anos de experi\u00eancia, as mais de 60 grandes obras executadas, mais de 100 projetos conclu\u00eddos e nossas certifica\u00e7\u00f5es ISO 9001 e PBQP-h N\u00edvel A nos tornam refer\u00eancia de qualidade, comprometimento, responsabilidade social e ambiental no mercado da constru\u00e7\u00e3o civil.","breadcrumb":{"@id":"https:\/\/www.engeblock.com.br\/planejamento-e-construcao\/empresa\/#breadcrumb"},"inLanguage":"pt-BR","potentialAction":[{"@type":"ReadAction","target":["https:\/\/www.engeblock.com.br\/planejamento-e-construcao\/empresa\/"]}]},{"@type":"BreadcrumbList","@id":"https:\/\/www.engeblock.com.br\/planejamento-e-construcao\/empresa\/#breadcrumb","itemListElement":[{"@type":"ListItem","position":1,"name":"In\u00edcio","item":"https:\/\/www.engeblock.com.br\/planejamento-e-construcao\/"},{"@type":"ListItem","position":2,"name":"EMPRESA"}]},{"@type":"WebSite","@id":"https:\/\/www.engeblock.com.br\/planejamento-e-construcao\/#website","url":"https:\/\/www.engeblock.com.br\/planejamento-e-construcao\/","name":"Engeblock - Planejamento e constru\u00e7\u00e3o","description":"","potentialAction":[{"@type":"SearchAction","target":{"@type":"EntryPoint","urlTemplate":"https:\/\/www.engeblock.com.br\/planejamento-e-construcao\/?s={search_term_string}"},"query-input":{"@type":"PropertyValueSpecification","valueRequired":true,"valueName":"search_term_string"}}],"inLanguage":"pt-BR"}]}},"builder_content":"<h2 style=\"text-align: left;\">O nosso progresso<\/h2><p style=\"text-align: left;\">Fundada em 1998 e constru\u00edda diariamente com a satisfa\u00e7\u00e3o dos seus clientes. Em nossos 20 anos de experi\u00eancia, as mais de 60 grandes obras executadas e mais de 100 projetos conclu\u00eddos nos tornam refer\u00eancia de qualidade, comprometimento, responsabilidade social e ambiental no mercado da constru\u00e7\u00e3o civil.<\/p>\n<img decoding=\"async\" src=\"http:\/\/engeblock.com.br\/planejamento-e-construcao\/wp-content\/uploads\/sites\/2\/2018\/04\/Mapa.png\" alt=\"EMPRESA\" \/>\n<img decoding=\"async\" src=\"http:\/\/engeblock.com.br\/planejamento-e-construcao\/wp-content\/uploads\/sites\/2\/2018\/04\/Logo-ISO.png\" width=\"120\" alt=\"EMPRESA\" \/>\n<img decoding=\"async\" src=\"http:\/\/engeblock.com.br\/planejamento-e-construcao\/wp-content\/uploads\/sites\/2\/2018\/04\/Logo-PBQPH.png\" width=\"120\" alt=\"EMPRESA\" \/>\n<h2>Nossa qualidade faz a sua obra<\/h2> <p>A estrutura de nosso ambiente tecnol\u00f3gico, de gest\u00e3o e a satisfa\u00e7\u00e3o de nossos clientes garantem \u00e0 empresa as certifica\u00e7\u00f5es ISO9001 e PBQP-H n\u00edvel A, o mais alto do programa, com as categorias: Organiza\u00e7\u00e3o de recursos humanos gest\u00e3o da qualidade da edifica\u00e7\u00e3o, gest\u00e3o de suprimentos, gest\u00e3o da informa\u00e7\u00e3o e gest\u00e3o de projetos.<\/p>\n<img decoding=\"async\" src=\"http:\/\/engeblock.com.br\/planejamento-e-construcao\/wp-content\/uploads\/sites\/2\/2018\/04\/Logo-ISO.png\" width=\"250\" alt=\"EMPRESA\" \/>\n<img decoding=\"async\" src=\"http:\/\/engeblock.com.br\/planejamento-e-construcao\/wp-content\/uploads\/sites\/2\/2018\/04\/Logo-PBQPH.png\" width=\"300\" alt=\"EMPRESA\" \/>\n<h2>Nossa qualidade faz a sua obra<\/h2><p>A estrutura de nosso ambiente tecnol\u00f3gico, de gest\u00e3o e a satisfa\u00e7\u00e3o de nossos clientes<br \/>garantem \u00e0 empresa as certifica\u00e7\u00f5es ISO9001 e PBQP-H n\u00edvel A, o mais alto do<br \/>programa, com as categorias: Organiza\u00e7\u00e3o de recursos humanos gest\u00e3o da qualidade da<br \/>edifica\u00e7\u00e3o, gest\u00e3o de suprimentos, gest\u00e3o da informa\u00e7\u00e3o e gest\u00e3o de projetos.<\/p>\n<h2>Aliar a reinven\u00e7\u00e3o di\u00e1ria com a solidez da experi\u00eancia<\/h2><p>A realiza\u00e7\u00e3o de investimentos s\u00f3lidos com exemplar qualidade de acabamento aliada \u00e0<br \/>constante busca por novas tecnologias de produ\u00e7\u00e3o \u00e9 o que nos motiva a crescer<br \/>diariamente.<\/p>\n<img decoding=\"async\" src=\"http:\/\/engeblock.com.br\/planejamento-e-construcao\/wp-content\/uploads\/sites\/2\/2018\/06\/PNG-01.png\" alt=\"EMPRESA\" \/>\n<h2 style=\"text-align: center;\">Conhe\u00e7a nossos empreendimentos<\/h2>\n<a href=\"http:\/\/www.engeblock.com.br\/planejamento-e-construcao\" > ENTRAR <\/a>","_links":{"self":[{"href":"https:\/\/www.engeblock.com.br\/planejamento-e-construcao\/wp-json\/wp\/v2\/pages\/859","targetHints":{"allow":["GET"]}}],"collection":[{"href":"https:\/\/www.engeblock.com.br\/planejamento-e-construcao\/wp-json\/wp\/v2\/pages"}],"about":[{"href":"https:\/\/www.engeblock.com.br\/planejamento-e-construcao\/wp-json\/wp\/v2\/types\/page"}],"author":[{"embeddable":true,"href":"https:\/\/www.engeblock.com.br\/planejamento-e-construcao\/wp-json\/wp\/v2\/users\/1"}],"replies":[{"embeddable":true,"href":"https:\/\/www.engeblock.com.br\/planejamento-e-construcao\/wp-json\/wp\/v2\/comments?post=859"}],"version-history":[{"count":41,"href":"https:\/\/www.engeblock.com.br\/planejamento-e-construcao\/wp-json\/wp\/v2\/pages\/859\/revisions"}],"predecessor-version":[{"id":1358,"href":"https:\/\/www.engeblock.com.br\/planejamento-e-construcao\/wp-json\/wp\/v2\/pages\/859\/revisions\/1358"}],"wp:attachment":[{"href":"https:\/\/www.engeblock.com.br\/planejamento-e-construcao\/wp-json\/wp\/v2\/media?parent=859"}],"curies":[{"name":"wp","href":"https:\/\/api.w.org\/{rel}","templated":true}]}}